(-9).
297
Let a(j) = j**3 - 11*j**2 + 18. Calculate a(6).
-162
Let m(i) = -2*i**2 - 354*i - 1061. Give m(-3).
-17
Let l(q) = 17*q + 2664. What is l(-163)?
-107
Let d(p) = p**2 + 156*p + 6024. Determine d(-85).
-11
Let y(d) = -d**2 - 67*d - 1081. Calculate y(-40).
-1
Let s(g) = -74*g - 330. Give s(-5).
40
Let s(d) = -120*d - 94. Give s(0).
-94
Let a(f) = 15*f + 6. Give a(-4).
-54
Let w(q) = 157*q - 1310. Determine w(8).
-54
Let r(h) = -74*h + 4378. Give r(59).
12
Let a(j) = -85*j**3 - 2*j**2 - 2*j - 2. Give a(-1).
83
Let h(n) = -2*n**2 - 45*n + 22111. Calculate h(-117).
-2
Let y(i) = 14*i**2 - 34*i - 12. Calculate y(3).
12
Let w(k) = 2*k**2 + 16*k + 49. Determine w(-4).
17
Let g(j) = 3*j**2 + 29*j + 171. What is g(-8)?
131
Let c(z) = 10*z**3 - 58*z**2 - 5*z + 11. What is c(5)?
-214
Let f(s) = 255*s - 1809. What is f(8)?
231
Let f(y) = 34*y - 95. Determine f(-6).
-299
Let j(b) = 77*b - 71. Determine j(2).
83
Let s(f) = -7*f**2 + 75*f - 36. What is s(12)?
-144
Let t(y) = 5*y + 90. Calculate t(-9).
45
Let h(m) = 2*m**2 - 8*m - 19. Give h(8).
45
Let g(b) = 179*b + 3557. Give g(-21).
-202
Let w(b) = -28*b**2 - 76*b + 6. What is w(-3)?
-18
Let o(i) = 33*i + 371. Calculate o(-11).
8
Let z(n) = -86*n + 689. Calculate z(8).
1
Let n(u) = 2*u**3 + 3*u**2 + u - 9. Determine n(-4).
-93
Let h(n) = 518*n - 50. Give h(-1).
-568
Let v(y) = 60*y**2 - 3*y - 2. Calculate v(-1).
61
Let c(z) = 3*z**2 - 84*z + 51. Calculate c(22).
-345
Let o(j) = -523*j - 6877. Determine o(-13).
-78
Let w(n) = n**3 - 17*n**2 + 13*n + 262. Determine w(15).
7
Let m(g) = -6*g**2 - 4*g - 129. Determine m(-9).
-579
Let i(u) = -23*u - 651. What is i(-27)?
-30
Let m(n) = -2*n**3 + 122*n**2 - 15*n + 918. Give m(61).
3
Let h(a) = 9*a**3 - 2*a**2 - 223*a + 225. Calculate h(1).
9
Let k(d) = -6675*d + 33380. Calculate k(5).
5
Let i(s) = s**3 - 17*s**2 + 82*s - 63. Calculate i(6).
33
Let z(x) = -148*x**2 - 1675*x - 1674. Calculate z(-1).
-147
Let r(m) = 130*m - 667. Determine r(5).
-17
Let h(x) = 7*x**2 + 6*x - 25. Calculate h(5).
180
Let p(n) = -n**3 - 51*n**2 - 30*n + 1012. Calculate p(-50).
12
Let a(t) = 63*t + 110. Give a(-7).
-331
Let b(t) = 4*t**3 + 57*t**2 - 3*t - 240. Determine b(-14).
-2
Let s(j) = -8531*j + 366837. Give s(43).
4
Let g(y) = 8*y**2 + 68*y + 177. Calculate g(-6).
57
Let p(r) = r**3 + 13*r**2 + 18*r - 15. Calculate p(-11).
29
Let q(a) = 17*a**3 + 2*a**2 + a + 7. Give q(-2).
-123
Let m(v) = -11*v**3 - 7*v**2 - 20*v + 27. Give m(1).
-11
Let v(n) = -3*n**2 + 8*n + 49. Calculate v(-3).
-2
Let w(i) = 2*i**3 + 7*i**2 - 67*i - 21. Give w(-10).
-651
Let q(h) = -35*h + 740. Determine q(21).
5
Let n(b) = 38*b + 123. Determine n(-6).
-105
Let x(z) = 72*z - 209. Give x(0).
-209
Let g(r) = 12*r**2 + 31*r + 25. Give g(-2).
11
Let j(p) = -147*p**2 - 144*p + 143. What is j(1)?
-148
Let u(c) = 55*c**2 + 669*c + 73. What is u(-12)?
-35
Let r(s) = 3*s**2 - 8*s - 13. What is r(6)?
47
Let r(v) = 514*v - 506. Calculate r(1).
8
Let v(w) = -478*w + 10039. Give v(21).
1
Let g(q) = -q**3 - 21*q**2 - 23*q + 278. Determine g(-19).
-7
Let y(a) = 2*a**2 + 7*a - 428. Give y(13).
1
Let k(b) = -17*b + 485. Give k(29).
-8
Let w(c) = -c**3 + 15*c**2 + 270*c - 4056. Determine w(16).
8
Let m(c) = -209*c**2 - 414*c + 5. Calculate m(-2).
-3
Let d(m) = -m**3 - m**2 + 37*m - 58. Give d(4).
10
Let v(k) = 3*k + 73. Calculate v(-14).
31
Let g(q) = -q**2 - 579*q + 1748. Determine g(3).
2
Let t(f) = -f**3 - 114*f**2 - 943*f + 159. Give t(-105).
-51
Let a(n) = 40*n**3 + 2*n - 4. Calculate a(1).
38
Let k(i) = -308*i**3 - 3*i**2 - 5*i - 3. Give k(-1).
307
Let c(k) = -k**3 - 24*k**2 - k + 41. What is c(-24)?
65
Let y(u) = -241*u + 5684. Calculate y(24).
-100
Let a(b) = -4*b - 114. What is a(-27)?
-6
Let s(g) = 3136*g - 175626. What is s(56)?
-10
Let l(s) = 4*s**3 - 18*s**2 - 25*s + 141. Calculate l(4).
9
Let a(x) = -2*x**2 - 19*x + 99. Determine a(5).
-46
Let q(h) = h**3 + 28*h**2 + 201*h + 1. Give q(-15).
-89
Let j(v) = -52*v + 268. Calculate j(13).
-408
Let d(h) = -h**3 - 8*h**2 - 29*h - 209. Give d(-8).
23
Let c(r) = -83*r - 663. Determine c(-8).
1
Let x(d) = -995*d - 2984. Calculate x(-3).
1
Let t(y) = 37*y**3 - 503*y**2 + 284*y + 38. Give t(13).
12
Let j(h) = -46*h - 1731. What is j(-37)?
-29
Let s(y) = -962*y - 1157. Give s(-1).
-195
Let a(v) = -3*v**2 - 31*v + 194. Determine a(-14).
40
Let i(z) = 2318*z + 4720. Determine i(-2).
84
Let b(q) = -5*q**3 + 78*q**2 - 36*q - 14. Determine b(15).
121
Let f(r) = -1274*r - 64964. Determine f(-51).
10
Let o(j) = -276*j + 7175. Determine o(26).
-1
Let q(t) = t**2 + 65*t + 439. Calculate q(-8).
-17
Let b(f) = 2*f**2 - 104*f - 5862. What is b(86)?
-14
Let c(j) = -j**3 + 8*j**2 + 24*j - 74. What is c(8)?
118
Let j(h) = -h**2 - 197*h - 2209. Give j(-12).
11
Let x(u) = -13*u**2 + 153*u + 13. Determine x(12).
-23
Let z(b) = b - 111. Determine z(-8).
-119
Let w(s) = s**2 + 25*s + 59. Give w(-20).
-41
Let u(c) = -c**3 + 71*c**2 + 82*c - 717. Determine u(72).
3
Let s(t) = 24*t - 673. What is s(24)?
-97
Let x(s) = s**3 + 12*s**2 - 73*s - 29. Calculate x(-16).
115
Let j(n) = -2*n**2 + 18*n - 72. What is j(6)?
-36
Let s(z) = 118*z - 14734. Determine s(125).
16
Let h(s) = -79*s - 1450. Calculate h(-17).
-107
Let b(i) = -848*i + 6778. Determine b(8).
-6
Let d(n) = n**3 - 2*n**2 - 28*n + 18. What is d(-6)?
-102
Let c(y) = -y**2 + 104*y - 1492. Calculate c(17).
-13
Let s(d) = -112*d**2 - 1228*d + 26. What is s(-11)?
-18
Let f(p) = -43*p + 262. Determine f(6).
4
Let l(r) = -179*r - 7507. Give l(-42).
11
Let x(c) = -c**3 + 20*c**2 + 126*c - 19. What is x(25)?
6
Let v(i) = -2*i**3 + 37*i**2 + 19*i - 47. Calculate v(19).
-47
Let h(k) = -117*k - 1049. What is h(-8)?
-113
Let b(h) = h**3 - 9*h**2 + 14*h. Calculate b(4).
-24
Let t(j) = -j**3 - 26*j**2 - 109*j - 90. Calculate t(-21).
-6
Let w(c) = -9*c - 224. Give w(-26).
10
Let r(z) = 4*z**2 - 32*z - 408. Determine r(-7).
12
Let m(r) = -r**3 - 12*r**2 - 13*r - 51. Calculate m(-12).
105
Let m(n) = -n**3 + 4*n**2 + 12*n - 6. What is m(0)?
-6
Let z(k) = 3*k**2 - 62*k - 1151. Give z(-12).
25
Let i(m) = -19*m**2 + 228*m - 39. Give i(12).
-39
Let w(r) = -r**3 - 3*r**2 + 14*r - 12. Determine w(-6).
12
Let m(a) = a**3 + 93*a**2 - 2*a - 192. Determine m(-93).
-6
Let n(s) = -1140*s - 7974. Determine n(-7).
6
Let f(s) = s**2 - s. What is f(3)?
6
Let b(m) = 16*m**3 - 5*m**2 - 7*m - 5. Give b(-2).
-139
Let x(y) = y**2 - 43*y + 1068. Give x(49).
1362
Let o(a) = -a**2 + 56*a - 647. Determine o(41).
-32
Let r(l) = -6*l**2 + 205*l + 27574. What is r(87)?
-5
Let g(f) = -432*f - 608. Give g(-3).
688
Let r(u) = -138*u - 1762. Determine r(-11).
-244
Let p(k) = -418*k - 43845. Calculate p(-105).
45
Let c(a) = 2*a**2 - 2*a + 1. Determine c(3).
13
Let k(i) = i**3 - i**2 + 4*i - 12. Determine k(3).
18
Let t(w) = -w**2 + 60*w - 492. Calculate t(50).
8
Let p(t) = -62*t - 8. What is p(3)?
-194
Let q(j) = -26*j**2 - 13*j - 14. Determine q(-1).
-27
Let s(p) = -396*p - 2662. Determine s(-7).
110
Let n(q) = 93*q + 6123. What is n(-66)?
-15
Let t(r) = 43*r - 3566. Give t(83).
3
Let g(s) = -3*s**3 + 3*s**2 + 18*s - 4. Determine g(-3).
50
Let u(o) = 2*o**2 + 19*o + 6. Give u(-10).
16
Let a(y) = -y**3 + 34*y**2 + 93*y + 39. Determine a(-2).
-3
Let u(r) = -2*r**2 + 105*r + 440. Determine u(-4).
-12
Let u(d) = 94*d + 296. Give u(0).
296
Let x(t) = -2079*t - 2224. What is x(-1)?
-145
Let i(j) = -475*j - 89304. What is i(-188)?
-4
Let h(i) = i**3 + 19*i**2 + 48*i + 47. Calculate h(-14).
355
Let a(n) = 5973*n - 149327. Calculate a(25).
-2
Let s(a) = -530*a + 465. Calculate s(1).
-65
Let a(l) = l**3 - 8*l**2 + 17*l + 8. Determine a(5).
18
Let s(c) = c**2 - 98*c + 1342. Determine s(17).
-35
Let t(a) = -a**3 - 8*a**2 + 22*a + 9. Give t(-10).
-11
Let x(q) = q**2 - 31*q - 411. Give x(-10).
-1
Let y(j) = -5*j**2 - 46*j - 285. What is y(-8)?
-237
Let n(c) = -c**2 - 8*c + 9. Determine n(-10).
-11
Let m(i) = i**3 + 5*i**2 - 50*i - 21. What is m(-10)?
-21
Let w(j) = -151*j + 5939. Determine w(39).
50
Let m(k) = -5*k**3 - 9*k**2 - 10*k - 2. Calculate m(-2).
22
Let v(o) = o**2 - 110*o + 427. What is v(106)?
3
Let d(m) = m**2 + 34*m + 177. Calculate d(-18).
-111
Let o(m) = -1518*m + 34927. Determine o(23).
13
Let s(r) = 18*r**2 + 57*r + 101. Give s(-2).
59
Let p(s) = -3854*s + 3885. Give p(1).
31
L